{"id":520,"date":"2017-07-06T00:00:04","date_gmt":"2017-07-05T22:00:04","guid":{"rendered":"http:\/\/www.modellbau-clauss.de\/?page_id=520"},"modified":"2023-03-13T10:06:48","modified_gmt":"2023-03-13T09:06:48","slug":"datenaustausch","status":"publish","type":"page","link":"https:\/\/www.modellbau-clauss.de\/index.php\/kontakt\/datenaustausch\/","title":{"rendered":"Datenaustausch"},"content":{"rendered":"\n<p class=\"has-text-align-left\">Hinweis: Damit unser Datenaustausch richtig funktioniert, muss in den Cookieeinstellungen mindestens der Goldstatus ausgew\u00e4hlt werden. Nachtr\u00e4glich k\u00f6nnen Sie den Status mit einem Klick auf den Fingerabdruck anpassen.<\/p>\n","protected":false},"excerpt":{"rendered":"<p>Hinweis: Damit unser Datenaustausch richtig funktioniert, muss in den Cookieeinstellungen mindestens der Goldstatus ausgew\u00e4hlt werden. Nachtr\u00e4glich k\u00f6nnen Sie den Status mit einem Klick auf den Fingerabdruck anpassen.<\/p>\n","protected":false},"author":1,"featured_media":0,"parent":48,"menu_order":0,"comment_status":"closed","ping_status":"closed","template":"datenaustausch.php","meta":{"footnotes":""},"class_list":["post-520","page","type-page","status-publish","hentry"],"_links":{"self":[{"href":"https:\/\/www.modellbau-clauss.de\/index.php\/wp-json\/wp\/v2\/pages\/520","targetHints":{"allow":["GET"]}}],"collection":[{"href":"https:\/\/www.modellbau-clauss.de\/index.php\/wp-json\/wp\/v2\/pages"}],"about":[{"href":"https:\/\/www.modellbau-clauss.de\/index.php\/wp-json\/wp\/v2\/types\/page"}],"author":[{"embeddable":true,"href":"https:\/\/www.modellbau-clauss.de\/index.php\/wp-json\/wp\/v2\/users\/1"}],"replies":[{"embeddable":true,"href":"https:\/\/www.modellbau-clauss.de\/index.php\/wp-json\/wp\/v2\/comments?post=520"}],"version-history":[{"count":7,"href":"https:\/\/www.modellbau-clauss.de\/index.php\/wp-json\/wp\/v2\/pages\/520\/revisions"}],"predecessor-version":[{"id":1182,"href":"https:\/\/www.modellbau-clauss.de\/index.php\/wp-json\/wp\/v2\/pages\/520\/revisions\/1182"}],"up":[{"embeddable":true,"href":"https:\/\/www.modellbau-clauss.de\/index.php\/wp-json\/wp\/v2\/pages\/48"}],"wp:attachment":[{"href":"https:\/\/www.modellbau-clauss.de\/index.php\/wp-json\/wp\/v2\/media?parent=520"}],"curies":[{"name":"wp","href":"https:\/\/api.w.org\/{rel}","templated":true}]}}