{"id":666,"date":"2018-01-04T20:45:00","date_gmt":"2018-01-04T19:45:00","guid":{"rendered":"http:\/\/www.modellbau-clauss.de\/?page_id=666"},"modified":"2019-01-11T07:48:36","modified_gmt":"2019-01-11T06:48:36","slug":"fraestechnik","status":"publish","type":"page","link":"https:\/\/www.modellbau-clauss.de\/index.php\/ausruestung\/fraestechnik\/","title":{"rendered":"Fr\u00e4stechnik"},"content":{"rendered":"<table style=\"height: 2885px;\" width=\"605\">\n<tbody>\n<tr>\n<td><img loading=\"lazy\" decoding=\"async\" class=\"wp-image-645 size-medium alignleft\" src=\"https:\/\/www.modellbau-clauss.de\/wp-content\/uploads\/2017\/12\/DMU75mB-300x284.jpg\" alt=\"\" width=\"300\" height=\"284\" srcset=\"https:\/\/www.modellbau-clauss.de\/wp-content\/uploads\/2017\/12\/DMU75mB-300x284.jpg 300w, https:\/\/www.modellbau-clauss.de\/wp-content\/uploads\/2017\/12\/DMU75mB.jpg 380w\" sizes=\"auto, (max-width: 300px) 100vw, 300px\" \/><\/td>\n<td style=\"text-align: left; vertical-align: top;\"><strong><span style=\"text-decoration: underline;\">DMG MORI DMU75 monoBLOCK <\/span><\/strong><strong><span style=\"text-decoration: underline;\">5-Achsenbearbeitungszentrum<br \/><\/span><\/strong>\n<p>\u00a0<\/p>\n<ul>\n<li><span style=\"font-size: 8pt;\">Verfahrwege: X=750mm \/ Y=650mm \/ Z=560mm<\/span><\/li>\n<li><span style=\"font-size: 8pt;\"> Steuerung: Heidenhain TNC 640<\/span><\/li>\n<li><span style=\"font-size: 8pt;\"> 5-Achsen Simultanfr\u00e4sen m\u00f6glich<\/span><\/li>\n<li><span style=\"font-size: 8pt;\">40 bar IKZ<\/span><\/li>\n<li><span style=\"font-size: 8pt;\">Laser Werkzeugvermessung<\/span><\/li>\n<\/ul>\n<\/td>\n<\/tr>\n<tr>\n<td><img loading=\"lazy\" decoding=\"async\" class=\"alignleft wp-image-481 size-full\" src=\"https:\/\/www.modellbau-clauss.de\/wp-content\/uploads\/2016\/03\/Portalfraesmaschine-FZ33compact-300x212-1.jpg\" alt=\"\" width=\"300\" height=\"212\" \/><\/td>\n<td style=\"text-align: left; vertical-align: top;\"><strong><span style=\"text-decoration: underline;\">Zimmermann Portalfr\u00e4smaschine FZ-33compact 5-Achsen<\/span><\/strong>\n<p>\u00a0<\/p>\n<ul>\n<li><span style=\"font-size: 8pt;\"> Verfahrwege: X=4000mm \/ Y=2500mm \/ Z=1500mm<\/span><\/li>\n<li><span style=\"font-size: 8pt;\"> Steuerung: Heidenhain iTNC 530 HSCI<\/span><\/li>\n<li><span style=\"font-size: 8pt;\"> 5-Achsen Simultanfr\u00e4sen m\u00f6glich<\/span><\/li>\n<li><span style=\"font-size: 8pt;\"> Hochdynamischer 2-Achs Fr\u00e4skopf VH30 f\u00fcr die HSC-Zerspannung<\/span><\/li>\n<li><span style=\"font-size: 8pt;\">70 bar IKZ<\/span><\/li>\n<\/ul>\n<\/td>\n<\/tr>\n<\/tbody>\n<tbody>\n<tr>\n<td><img loading=\"lazy\" decoding=\"async\" class=\"alignleft wp-image-149 size-full\" src=\"https:\/\/www.modellbau-clauss.de\/wp-content\/uploads\/2016\/03\/Modellbau-Clauss-Hermle-C400.jpg\" alt=\"\" width=\"256\" height=\"192\" srcset=\"https:\/\/www.modellbau-clauss.de\/wp-content\/uploads\/2016\/03\/Modellbau-Clauss-Hermle-C400.jpg 256w, https:\/\/www.modellbau-clauss.de\/wp-content\/uploads\/2016\/03\/Modellbau-Clauss-Hermle-C400-250x188.jpg 250w\" sizes=\"auto, (max-width: 256px) 100vw, 256px\" \/><\/td>\n<td style=\"text-align: left; vertical-align: top;\"><strong><span style=\"text-decoration: underline;\">Hermle C400 5- Achsen Bearbeitungszentrum<\/span><\/strong>\n<p>\u00a0<\/p>\n<ul>\n<li><span style=\"font-size: 8pt;\"> Verfahrwege: X=850mm \/ Y=700mm \/ Z=500mm<\/span><\/li>\n<li><span style=\"font-size: 8pt;\"> Steuerung: Heidenhain iTNC 530<\/span><\/li>\n<li><span style=\"font-size: 8pt;\"> 5-Achsen Simultanfr\u00e4sen mit NC-Schwenkrundtisch m\u00f6glich<\/span><\/li>\n<li><span style=\"font-size: 8pt;\">40 bar IKZ<\/span><\/li>\n<\/ul>\n<\/td>\n<\/tr>\n<tr>\n<td><img loading=\"lazy\" decoding=\"async\" class=\"alignleft wp-image-146 size-full\" src=\"https:\/\/www.modellbau-clauss.de\/wp-content\/uploads\/2016\/03\/Modellbau-Clauss-FZ25.jpg\" alt=\"\" width=\"256\" height=\"192\" srcset=\"https:\/\/www.modellbau-clauss.de\/wp-content\/uploads\/2016\/03\/Modellbau-Clauss-FZ25.jpg 256w, https:\/\/www.modellbau-clauss.de\/wp-content\/uploads\/2016\/03\/Modellbau-Clauss-FZ25-250x188.jpg 250w\" sizes=\"auto, (max-width: 256px) 100vw, 256px\" \/><\/td>\n<td style=\"text-align: left; vertical-align: top;\"><strong><span style=\"text-decoration: underline;\">Zimmermann Portalfr\u00e4smaschine FZ-25 5-Achsen<\/span><\/strong>\n<p>\u00a0<\/p>\n<ul>\n<li><span style=\"font-size: 8pt;\"> Verfahrwege: X=6500mm \/ Y=3500mm \/ Z=2000mm<\/span><\/li>\n<li><span style=\"font-size: 8pt;\"> Steuerung: Heidenhain iTNC 530<\/span><\/li>\n<li><span style=\"font-size: 8pt;\"> 5-Achsen Simultanfr\u00e4sen m\u00f6glich<\/span><\/li>\n<li><span style=\"font-size: 8pt;\"> Hochdynamischer 2-Achs Fr\u00e4skopf VH12<\/span><\/li>\n<\/ul>\n<\/td>\n<\/tr>\n<tr>\n<td><img loading=\"lazy\" decoding=\"async\" class=\"alignleft wp-image-148 size-full\" src=\"https:\/\/www.modellbau-clauss.de\/wp-content\/uploads\/2016\/03\/Modellbau-Clauss-FZ35.jpg\" alt=\"\" width=\"256\" height=\"192\" srcset=\"https:\/\/www.modellbau-clauss.de\/wp-content\/uploads\/2016\/03\/Modellbau-Clauss-FZ35.jpg 256w, https:\/\/www.modellbau-clauss.de\/wp-content\/uploads\/2016\/03\/Modellbau-Clauss-FZ35-250x188.jpg 250w\" sizes=\"auto, (max-width: 256px) 100vw, 256px\" \/><\/td>\n<td style=\"text-align: left; vertical-align: top;\"><strong><span style=\"text-decoration: underline;\">Zimmermann Portalfr\u00e4smaschine FZ-35 5-Achsen<\/span><\/strong>\n<p>\u00a0<\/p>\n<ul>\n<li><span style=\"font-size: 8pt;\"> Verfahrwege: X=4000mm \/ Y=2200mm \/ Z=1500mm<\/span><\/li>\n<li><span style=\"font-size: 8pt;\"> Steuerung: FIDIA C20<\/span><\/li>\n<li><span style=\"font-size: 8pt;\"> 5-Achsen Simultanfr\u00e4sen m\u00f6glich<\/span><\/li>\n<\/ul>\n<\/td>\n<\/tr>\n<tr>\n<td><img loading=\"lazy\" decoding=\"async\" class=\"alignleft wp-image-147 size-full\" src=\"https:\/\/www.modellbau-clauss.de\/wp-content\/uploads\/2016\/03\/Modellbau-Clauss-FZ30.jpg\" alt=\"\" width=\"256\" height=\"192\" srcset=\"https:\/\/www.modellbau-clauss.de\/wp-content\/uploads\/2016\/03\/Modellbau-Clauss-FZ30.jpg 256w, https:\/\/www.modellbau-clauss.de\/wp-content\/uploads\/2016\/03\/Modellbau-Clauss-FZ30-250x188.jpg 250w\" sizes=\"auto, (max-width: 256px) 100vw, 256px\" \/><\/td>\n<td style=\"text-align: left; vertical-align: top;\"><strong><span style=\"text-decoration: underline;\">Zimmermann Portalfr\u00e4smaschine FZ-30 3+1-Achsen<\/span><\/strong>\n<p>\u00a0<\/p>\n<ul>\n<li><span style=\"font-size: 8pt;\"> Verfahrwege: X=4000mm \/ Y=2500mm \/ Z=1000mm<\/span><\/li>\n<li><span style=\"font-size: 8pt;\"> Steuerung: Heidenhain TNC 426<\/span><\/li>\n<li><span style=\"font-size: 8pt;\"> Fr\u00e4sen mit angestellter Achse m\u00f6glich<\/span><\/li>\n<\/ul>\n<\/td>\n<\/tr>\n<tr>\n<td><img loading=\"lazy\" decoding=\"async\" class=\"alignleft wp-image-142 size-full\" src=\"https:\/\/www.modellbau-clauss.de\/wp-content\/uploads\/2016\/03\/Modellbau-Clauss-DMF-250.jpg\" alt=\"\" width=\"256\" height=\"192\" srcset=\"https:\/\/www.modellbau-clauss.de\/wp-content\/uploads\/2016\/03\/Modellbau-Clauss-DMF-250.jpg 256w, https:\/\/www.modellbau-clauss.de\/wp-content\/uploads\/2016\/03\/Modellbau-Clauss-DMF-250-250x188.jpg 250w\" sizes=\"auto, (max-width: 256px) 100vw, 256px\" \/><\/td>\n<td style=\"text-align: left; vertical-align: top;\"><strong><span style=\"text-decoration: underline;\">Deckel Maho DMF-250 Fahrst\u00e4nderfr\u00e4smaschine<\/span><\/strong>\n<p>\u00a0<\/p>\n<ul>\n<li><span style=\"font-size: 8pt;\"> Verfahrwege: X=2500mm \/ Y=920mm \/ Z=820mm<\/span><\/li>\n<li><span style=\"font-size: 8pt;\"> Steuerung: Heidenhain iTNC 530<\/span><\/li>\n<li><span style=\"font-size: 8pt;\"> Werkzeugwechsler mit 30 Pl\u00e4tzen<\/span><\/li>\n<li><span style=\"font-size: 8pt;\">40 bar IKZ<\/span><\/li>\n<\/ul>\n<\/td>\n<\/tr>\n<tr>\n<td><img loading=\"lazy\" decoding=\"async\" class=\"alignleft wp-image-150 size-full\" src=\"https:\/\/www.modellbau-clauss.de\/wp-content\/uploads\/2016\/03\/Modellbau-Clauss-Matec.jpg\" alt=\"\" width=\"256\" height=\"192\" srcset=\"https:\/\/www.modellbau-clauss.de\/wp-content\/uploads\/2016\/03\/Modellbau-Clauss-Matec.jpg 256w, https:\/\/www.modellbau-clauss.de\/wp-content\/uploads\/2016\/03\/Modellbau-Clauss-Matec-250x188.jpg 250w\" sizes=\"auto, (max-width: 256px) 100vw, 256px\" \/><\/td>\n<td style=\"text-align: left; vertical-align: top;\"><strong><span style=\"text-decoration: underline;\">Matec 30-L Fahrst\u00e4nderfr\u00e4smaschine<\/span><\/strong>\n<p>\u00a0<\/p>\n<ul>\n<li><span style=\"font-size: 8pt;\"> Verfahrwege: X=3000mm \/ Y=800mm \/ Z=800mm<\/span><\/li>\n<li><span style=\"font-size: 8pt;\"> Steuerung: Heidenhain TNC 426<\/span><\/li>\n<li><span style=\"font-size: 8pt;\"> Werkzeugwechsler mit 36 Pl\u00e4tzen<\/span><\/li>\n<\/ul>\n<\/td>\n<\/tr>\n<tr>\n<td><img loading=\"lazy\" decoding=\"async\" class=\"alignleft wp-image-141 size-full\" src=\"https:\/\/www.modellbau-clauss.de\/wp-content\/uploads\/2016\/03\/Modellbau-Clauss-DMC-104.jpg\" alt=\"\" width=\"256\" height=\"192\" srcset=\"https:\/\/www.modellbau-clauss.de\/wp-content\/uploads\/2016\/03\/Modellbau-Clauss-DMC-104.jpg 256w, https:\/\/www.modellbau-clauss.de\/wp-content\/uploads\/2016\/03\/Modellbau-Clauss-DMC-104-250x188.jpg 250w\" sizes=\"auto, (max-width: 256px) 100vw, 256px\" \/><\/td>\n<td style=\"text-align: left; vertical-align: top;\"><strong><span style=\"text-decoration: underline;\">Deckel Maho DMC-104-V linear Bearbeitungszentrum<\/span><\/strong>\n<p>\u00a0<\/p>\n<ul>\n<li><span style=\"font-size: 8pt;\"> Verfahrwege: X=1040mm \/ Y=600mm \/ Z=500mm<\/span><\/li>\n<li><span style=\"font-size: 8pt;\"> Steuerung: Heidenhain iTNC 530<\/span><\/li>\n<li><span style=\"font-size: 8pt;\">Werkzeugwechsler mit 30 Pl\u00e4tzen<\/span><\/li>\n<\/ul>\n<\/td>\n<\/tr>\n<tr>\n<td><img loading=\"lazy\" decoding=\"async\" class=\"alignleft wp-image-152 size-full\" src=\"https:\/\/www.modellbau-clauss.de\/wp-content\/uploads\/2016\/03\/Modellbau-Clauss-Trima.jpg\" alt=\"\" width=\"256\" height=\"192\" srcset=\"https:\/\/www.modellbau-clauss.de\/wp-content\/uploads\/2016\/03\/Modellbau-Clauss-Trima.jpg 256w, https:\/\/www.modellbau-clauss.de\/wp-content\/uploads\/2016\/03\/Modellbau-Clauss-Trima-250x188.jpg 250w\" sizes=\"auto, (max-width: 256px) 100vw, 256px\" \/><\/td>\n<td style=\"text-align: left; vertical-align: top;\"><strong><span style=\"text-decoration: underline;\">Trima 5-Achs BFM-P Portalbearbeitungszentrum<\/span><\/strong>\n<p>\u00a0<\/p>\n<ul>\n<li><span style=\"font-size: 8pt;\"> Verfahrwege: X=3400mm \/ Y=1600mm \/ Z=500mm<\/span><\/li>\n<li><span style=\"font-size: 8pt;\"> Steuerung: Siemens 840 Dsl<\/span><\/li>\n<li><span style=\"font-size: 8pt;\"> 5 Achsen Simultanfr\u00e4sen m\u00f6glich<\/span><\/li>\n<li><span style=\"font-size: 8pt;\">Spannen der Bauteile mittels Vakuumrastertisch<\/span><\/li>\n<\/ul>\n<\/td>\n<\/tr>\n<\/tbody>\n<tbody>\n<tr>\n<td><img loading=\"lazy\" decoding=\"async\" class=\"alignleft wp-image-184 size-medium\" src=\"https:\/\/www.modellbau-clauss.de\/wp-content\/uploads\/2016\/03\/Formenbauteil-300x224.jpg\" alt=\"Modellbau-Clauss-Trima2\" width=\"300\" height=\"224\" srcset=\"https:\/\/www.modellbau-clauss.de\/wp-content\/uploads\/2016\/03\/Formenbauteil-300x224.jpg 300w, https:\/\/www.modellbau-clauss.de\/wp-content\/uploads\/2016\/03\/Formenbauteil-768x574.jpg 768w, https:\/\/www.modellbau-clauss.de\/wp-content\/uploads\/2016\/03\/Formenbauteil-1024x765.jpg 1024w, https:\/\/www.modellbau-clauss.de\/wp-content\/uploads\/2016\/03\/Formenbauteil-250x187.jpg 250w\" sizes=\"auto, (max-width: 300px) 100vw, 300px\" \/><\/td>\n<td style=\"text-align: left; vertical-align: top;\"><strong><span style=\"text-decoration: underline;\">Trima 5-Achs BFM-P Portalbearbeitungszentrum<\/span><\/strong>\n<p>\u00a0<\/p>\n<ul>\n<li><span style=\"font-size: 8pt;\"> Verfahrwege: X=6200mm \/ Y=1400mm \/ Z=500mm<\/span><\/li>\n<li><span style=\"font-size: 8pt;\"> Steuerung: Siemens 840 D Powerline<\/span><\/li>\n<li><span style=\"font-size: 8pt;\"> 5 Achsen Simultanfr\u00e4sen m\u00f6glich<\/span><\/li>\n<li><span style=\"font-size: 8pt;\">Spannen der Bauteile mittels Vakuumrastertisch<\/span><\/li>\n<\/ul>\n<\/td>\n<\/tr>\n<\/tbody>\n<tbody>\n<tr>\n<td><img loading=\"lazy\" decoding=\"async\" class=\"alignleft wp-image-140 size-full\" src=\"https:\/\/www.modellbau-clauss.de\/wp-content\/uploads\/2016\/03\/Modellbau-Clauss-Auerbach.jpg\" alt=\"\" width=\"256\" height=\"192\" srcset=\"https:\/\/www.modellbau-clauss.de\/wp-content\/uploads\/2016\/03\/Modellbau-Clauss-Auerbach.jpg 256w, https:\/\/www.modellbau-clauss.de\/wp-content\/uploads\/2016\/03\/Modellbau-Clauss-Auerbach-250x188.jpg 250w\" sizes=\"auto, (max-width: 256px) 100vw, 256px\" \/><\/td>\n<td style=\"text-align: left; vertical-align: top;\"><strong><span style=\"text-decoration: underline;\">Auerbach FUW 1005 Werkzeugfr\u00e4smaschine<\/span><\/strong>\n<p>\u00a0<\/p>\n<ul>\n<li><span style=\"font-size: 8pt;\"> Verfahrwege: X=1000mm \/ Y=500mm \/ Z=500mm<\/span><\/li>\n<li><span style=\"font-size: 8pt;\"> Steuerung: Heidenhain TNC 415<\/span><\/li>\n<\/ul>\n<\/td>\n<\/tr>\n<\/tbody>\n<\/table>\n<p>\u00a0<\/p>\n\n\n<p><\/p>\n","protected":false},"excerpt":{"rendered":"<p>DMG MORI DMU75 monoBLOCK 5-Achsenbearbeitungszentrum \u00a0 Verfahrwege: X=750mm \/ Y=650mm \/ Z=560mm Steuerung: Heidenhain TNC 640 5-Achsen Simultanfr\u00e4sen m\u00f6glich 40 bar IKZ Laser Werkzeugvermessung Zimmermann Portalfr\u00e4smaschine FZ-33compact 5-Achsen \u00a0 Verfahrwege: X=4000mm \/<a class=\"moretag\" href=\"https:\/\/www.modellbau-clauss.de\/index.php\/ausruestung\/fraestechnik\/\">Read More&#8230;<\/a><\/p>\n","protected":false},"author":1,"featured_media":0,"parent":44,"menu_order":1,"comment_status":"closed","ping_status":"closed","template":"","meta":{"footnotes":""},"class_list":["post-666","page","type-page","status-publish","hentry"],"_links":{"self":[{"href":"https:\/\/www.modellbau-clauss.de\/index.php\/wp-json\/wp\/v2\/pages\/666","targetHints":{"allow":["GET"]}}],"collection":[{"href":"https:\/\/www.modellbau-clauss.de\/index.php\/wp-json\/wp\/v2\/pages"}],"about":[{"href":"https:\/\/www.modellbau-clauss.de\/index.php\/wp-json\/wp\/v2\/types\/page"}],"author":[{"embeddable":true,"href":"https:\/\/www.modellbau-clauss.de\/index.php\/wp-json\/wp\/v2\/users\/1"}],"replies":[{"embeddable":true,"href":"https:\/\/www.modellbau-clauss.de\/index.php\/wp-json\/wp\/v2\/comments?post=666"}],"version-history":[{"count":5,"href":"https:\/\/www.modellbau-clauss.de\/index.php\/wp-json\/wp\/v2\/pages\/666\/revisions"}],"predecessor-version":[{"id":896,"href":"https:\/\/www.modellbau-clauss.de\/index.php\/wp-json\/wp\/v2\/pages\/666\/revisions\/896"}],"up":[{"embeddable":true,"href":"https:\/\/www.modellbau-clauss.de\/index.php\/wp-json\/wp\/v2\/pages\/44"}],"wp:attachment":[{"href":"https:\/\/www.modellbau-clauss.de\/index.php\/wp-json\/wp\/v2\/media?parent=666"}],"curies":[{"name":"wp","href":"https:\/\/api.w.org\/{rel}","templated":true}]}}